
14119
In base 15, what is 2 - -29a?
29c
In base 5, what is 101220 - -2?
101222
In base 12, what is 442b - 30?
43bb
In base 14, what is 426ca - 5?
426c5
In base 15, what is -141 + 342?
201
In base 13, what is 0 - -1cc3a?
1cc3a
In base 12, what is -a699 - 11?
-a6aa
In base 12, what is 1645 - 85?
1580
In base 16, what is 4 + -f9?
-f5
In base 5, what is 3 + 3402214?
3402222
In base 13, what is -4 + -174958?
-17495c
In base 5, what is -114101 + -220?
-114321
In base 12, what is 10a4 + -34?
1070
In base 12, what is -73a + -607?
-1145
In base 16, what is 3 + -1d9e?
-1d9b
In base 16, what is -5 + -1b99a?
-1b99f
In base 2, what is -10011000 - 11111?
-10110111
In base 3, what is -1122122101 - 1?
-1122122102
In base 14, what is 8236b + -2?
82369
In base 6, what is 3433 + 154?
4031
In base 12, what is 968 - 521?
447
In base 10, what is -8402 + 283?
-8119
In base 7, what is 20513 + 244?
21060
In base 9, what is 3 - -36566?
36570
In base 3, what is -12 - 1211101?
-1211120
In base 15, what is -2cd08 + 11?
-2cce7
In base 10, what is -954772 + -2?
-954774
In base 14, what is 3 - 10216?
-10213
In base 12, what is 1a586 - -8?
1a592
In base 3, what is 11 - -201010122?
201010210
In base 7, what is 4 + -445403?
-445366
In base 6, what is 4532145 - -25?
4532214
In base 3, what is -1 + 10012100011020?
10012100011012
In base 11, what is -284 - -28?
-257
In base 6, what is -15440 + 12?
-15424
In base 11, what is -82584 - -3?
-82581
In base 6, what is -12 + 22204?
22152
In base 3, what is 100122100 + -10022?
100112001
In base 4, what is -1322222 + 1131?
-1321031
In base 14, what is -4 - 1b129?
-1b12d
In base 12, what is -3458b + 2?
-34589
In base 7, what is -626146 + 6?
-626140
In base 2, what is 100110110110 + -11100?
100110011010
In base 10, what is 377 + 5524?
5901
In base 15, what is -2 + -10dbe?
-10dc1
In base 13, what is -5 - -2b249?
2b244
In base 16, what is -132 - -d?
-125
In base 6, what is 11 - -4303404?
4303415
In base 5, what is 32 - -124044?
124131
In base 3, what is 1120 - 10002220?
-10001100
In base 14, what is -15d6c - 2?
-15d70
In base 4, what is -11 - 2002033?
-2002110
In base 2, what is -1110 - 1011111100110?
-1011111110100
In base 16, what is -6e + 1967?
18f9
In base 11, what is 5a638 - -1?
5a639
In base 12, what is -6 - 2443?
-2449
In base 12, what is -b0 + -26a?
-35a
In base 2, what is -11 + -101111111001011?
-101111111001110
In base 13, what is -5 + 16013?
1600b
In base 8, what is -6117 + 130?
-5767
In base 10, what is 60772 + 0?
60772
In base 13, what is 20603 + 9?
2060c
In base 3, what is -20 + 21000000010?
20222222220
In base 5, what is 403134 + -23?
403111
In base 8, what is -2 - 36161?
-36163
In base 6, what is 5434 + 120?
5554
In base 6, what is 2 - -100014?
100020
In base 11, what is -10 + -74a47?
-74a57
In base 7, what is 14 - -52101?
52115
In base 11, what is -4 + -45895a?
-458963
In base 15, what is -c9 + -18be?
-1998
In base 2, what is -100 - -11101101000101101?
11101101000101001
In base 7, what is 6640604 - 0?
6640604
In base 5, what is -11131330 + 3?
-11131322
In base 10, what is -12 + -92?
-104
In base 6, what is -155550 - -10?
-155540
In base 2, what is 10 - 100000001100110001000?
-100000001100110000110
In base 3, what is 201 + -10020202?
-10020001
In base 15, what is -73d - -61?
-6cc
In base 4, what is -1333 - -221022?
213023
In base 11, what is 146786 + 5?
146790
In base 11, what is 968 + -1113?
-256
In base 15, what is 108ba - -13?
108cd
In base 4, what is -10020322 - 1223?
-10022211
In base 5, what is -140 + 334124?
333434
In base 12, what is -394934 + -5?
-394939
In base 3, what is 10 + 210101112?
210101122
In base 16, what is -220 - -280?
60
In base 7, what is -10035 + -23?
-10061
In base 5, what is 22441311 + 4?
22441320
In base 2, what is 1000111111101001110 + 1?
1000111111101001111
In base 16, what is -1 + 250?
24f
In base 5, what is 123221204 + -2?
123221202
In base 9, what is -352 - 1218?
-1571
In base 2, what is -1000001100000 + -1100000?
-1000011000000
In base 4, what is -3302033001 - -11?
-3302032330
In base 5, what is 3 + -4323312?
-4323304
In base 15, what is -38 + 35ce?
3596
In base 13, what is -2a173c - -1?
-2a173b
In base 8, what is 67 + 123527?
123616
In base 8, what is -2507 - -63?
-2424
In base 10, what is 0 - -735558?
735558
In base 14, what is 268 + d?
277
In base 11, what is -14386 + 5?
-14381
In base 5, what is -1142432 - -4?
-1142423
In base 7, what is 2154 + -36?
2115
In base 13, what is a - -29b52?
29b5c
In base 8, what is 61 - -42374?
42455
In base 5, what is -1023 - -20410?
14332
In base 10, what is 0 + 4797?
4797
In base 14, what is 125 - -1cc?
313
In base 15, what is 4a + 209?
254
In base 2, what is -1001001100110 + -1001?
-1001001101111
In base 7, what is 2661 + -2521?
140
In base 13, what is -5537 + 3?
-5534
In base 8, what is 3340 + -6577?
-3237
In base 15, what is -3095 - -6a?
-302a
In base 3, what is 121220212 + 10?
121220222
In base 13, what is 43945 - -4?
43949
In base 13, what is 37a - 2c?
34b
In base 8, what is 3 - 35121?
-35116
In base 6, what is -101331 - 24?
-101355
In base 15, what is -189 + 8e?
-ea
In base 8, what is -5235 + 3174?
-2041
In base 6, what is 5 + 10435545?
10435554
In base 10, what is 44662 + -14?
44648
In base 12, what is -968 - -1987?
101b
In base 9, what is 16 - 147220?
-147203
In base 16, what is -36c80 + 3?
-36c7d
In base 11, what is -140 + -a9a?
-112a
In base 12, what is 44674a - -3?
446751
In base 4, what is 13 - -32302111?
32302130
In base 15, what is 2ede3 + -1?
2ede2
In base 15, what is -3 - -3ee1?
3edd
In base 5, what is -2120312 - -33?
-2120224
In base 13, what is 805 - 100?
705
In base 7, what is 1244 + 11201?
12445
In base 13, what is 6a048 + 1?
6a049
In base 2, what is -111 - -111101110011101110?
111101110011100111
In base 13, what is -77232 + 6?
-77229
In base 10, what is -72543 + -7?
-72550
In base 7, what is -2 + -452310?
-452312
In base 11, what is -3 - -104a?
1047
In base 5, what is 23 + 11021?
11044
In base 11, what is 1 + 54561?
54562
In base 10, what is -141746 - 5?
-141751
In base 7, what is 306052 + 0?
306052
In base 15, what is 9032a + -2?
90328
In base 5, what is -4 + 112441234?
112441230
In base 3, what is -21020221211 + 1?
-21020221210
In base 12, what is 107 + -2a4?
-199
In base 10, what is 1167 - -3466?
4633
In base 13, what is b4c + 51c?
136b
In base 3, what is 111021 - 110?
110211
In base 4, what is -11 + 111203?
111132
In base 11, what is -5 - a50?
-a55
In base 11, what is -3 + -362905?
-362908
In base 5, what is 242 - 443430?
-443133
In base 8, what is -1 + 230015?
230014
In base 6, what is -331 - 411?
-1142
In base 6, what is 32301 - -2440?
35141
In base 15, what is 23d - -204?
442
In base 5, what is 0 - 212410?
-212410
In base 11, what is 7 - 338a9?
-338a2
In base 4, what is -23302 + -232120?
-322022
In base 11, what is 57339 + 5?
57343
In base 12, what is -4 + 22a0?
2298
In base 2, what is 101011011100010 - 10?
101011011100000
In base 12, what is -1 + 2051?
2050
In base 13, what is -42aa - -6?
-42a4
In base 8, what is 153423 + -1?
153422
In base 12, what is -209ab5 - 1?
-209ab6
In base 14, what is -1b20 + 6d?
-1a91
In base 7, what is 46 + -11530?
-11451
In base 8, what is -4042 + -1212?
-5254
In base 4, what is 10 + -1321000?
-1320330
In base 15, what is 31 + 464?
495
In base 6, what is -2300102 + -1?
-2300103
In base 14, what is 521 - -121?
642
In base 8, what is 1 + 276471?
276472
In base 10, what is -27165 - 0?
-27165
In base 10, what is -19 - -2539?
2520
In base 5, what is -1012301 + 23?
-1012223
In base 15, what is -6 - -21e35?
21e2e
In base 14, what is 168cb - 3?
168c8
In base 2, what is 110011101000001 + -111?
110011100111010
In base 6, what is 10432 - -2212?
13044
In base 10, what is -8 - -1138?
1130
In base 5, what is -1423041 + 10?
-1423031
In base 11, what is 8127 - 29?
80a9
In base 5, what is 2 + -1323302?
-1323300
In base 10, what is 26 + 545?
571
In base 10, what is 1008 + 164?
1172
In base 16, what is -1 + -bd9a?
-bd9b
In base 12, what is -525 - -55?
-490
In base 10, what is -18605 - 14?
-18619
In base 2, what is 1100010101 - 1011101111?
100110
In base 16, what is a + 8a1?
8ab
In base 11, what is -168 - 130?
-298
In base 7, what is -142 + 332?
160
In base 5, what is 133002 - 1?
133001
In base 5, what is -2241021 - 3